
{"id":1460,"date":"2017-06-16T10:01:04","date_gmt":"2017-06-16T10:01:04","guid":{"rendered":"http:\/\/poweratberth.eu\/?page_id=1460"},"modified":"2017-07-14T11:06:25","modified_gmt":"2017-07-14T11:06:25","slug":"information-on-air-quality-in-cities","status":"publish","type":"page","link":"https:\/\/poweratberth.eu\/?page_id=1460&lang=en","title":{"rendered":"Information on air quality in port cities"},"content":{"rendered":"<p>&nbsp;<\/p>\n<p><a href=\"http:\/\/www.minetad.gob.es\/energia\/desarrollo\/EficienciaEnergetica\/RITE\/Reconocidos\/Reconocidos\/Otros%20documentos\/Factores_emision_CO2.pdf\" target=\"_blank\" rel=\"noopener noreferrer\">CO2 emission factors and equivalence ratios to primary energy of different final energy sources consumed in spanish buildings &#8211; Joint resolution of the Ministry of Industry, Energy and Tourism and the Ministry of Development_ES<\/a><\/p>\n<p><a href=\"http:\/\/www.mapama.gob.es\/es\/calidad-y-evaluacion-ambiental\/temas\/atmosfera-y-calidad-del-aire\/calidad-del-aire\/planes-mejora\/\" target=\"_blank\" rel=\"noopener noreferrer\">Plans to improve air quality: national, regional a local level (MAPAMA)_ES<\/a><\/p>\n<p><a href=\"http:\/\/www.mapama.gob.es\/es\/calidad-y-evaluacion-ambiental\/temas\/atmosfera-y-calidad-del-aire\/calidad-del-aire\/documentacion-oficial\/\" target=\"_blank\" rel=\"noopener noreferrer\">Reports, documents and studies on air quality &#8211; Ministry of Agriculture and Fisheries, Food and Environment_ES<\/a><\/p>\n<p>(Spanish) <a href=\"http:\/\/www.puertos.es\/es-es\/medioambiente\/Documents\/pro6.pdf\">Modelos de dispersi\u00f3n y dep\u00f3sito de part\u00edculas atmosf\u00e9ricas PORTPUFF y SEDPORT. Realizado por Fernando Mart\u00edn e Inmaculada Palomino Unidad de Contaminaci\u00f3n Atmosf\u00e9rica. Departamento de Medio Ambiente CIEMAT \u2013 Proyecto HADA &#8211; 2004<\/a><\/p>\n<p>&nbsp;<\/p>\n","protected":false},"excerpt":{"rendered":"<p>&nbsp; CO2 emission factors and equivalence ratios to primary energy of different final energy sources consumed in spanish buildings &#8211; Joint resolution of the Ministry of Industry, Energy and Tourism and the Ministry of Development_ES Plans to improve air quality: national, regional a local level (MAPAMA)_ES Reports, documents and studies\u2026<\/p>\n<p> <a class=\"continue-reading-link\" href=\"https:\/\/poweratberth.eu\/?page_id=1460&#038;lang=en\"><span>Continue reading<\/span><i class=\"crycon-right-dir\"><\/i><\/a> <\/p>\n","protected":false},"author":7,"featured_media":0,"parent":0,"menu_order":0,"comment_status":"closed","ping_status":"closed","template":"","meta":[],"yoast_head":"<!-- This site is optimized with the Yoast SEO plugin v19.2 - https:\/\/yoast.com\/wordpress\/plugins\/seo\/ -->\n<title>Information on air quality in port cities - Power@berth<\/title>\n<meta name=\"robots\" content=\"index, follow, max-snippet:-1, max-image-preview:large, max-video-preview:-1\" \/>\n<link rel=\"canonical\" href=\"https:\/\/poweratberth.eu\/?page_id=1460&lang=en\" \/>\n<meta property=\"og:locale\" content=\"en_US\" \/>\n<meta property=\"og:type\" content=\"article\" \/>\n<meta property=\"og:title\" content=\"Information on air quality in port cities - Power@berth\" \/>\n<meta property=\"og:description\" content=\"&nbsp; CO2 emission factors and equivalence ratios to primary energy of different final energy sources consumed in spanish buildings &#8211; Joint resolution of the Ministry of Industry, Energy and Tourism and the Ministry of Development_ES Plans to improve air quality: national, regional a local level (MAPAMA)_ES Reports, documents and studies\u2026 Continue reading\" \/>\n<meta property=\"og:url\" content=\"https:\/\/poweratberth.eu\/?page_id=1460&amp;lang=en\" \/>\n<meta property=\"og:site_name\" content=\"Power@berth\" \/>\n<meta property=\"article:modified_time\" content=\"2017-07-14T11:06:25+00:00\" \/>\n<meta name=\"author\" content=\"demo\" \/>\n<meta name=\"twitter:card\" content=\"summary_large_image\" \/>\n<meta name=\"twitter:label1\" content=\"Est. reading time\" \/>\n\t<meta name=\"twitter:data1\" content=\"1 minute\" \/>\n<script type=\"application\/ld+json\" class=\"yoast-schema-graph\">{\"@context\":\"https:\/\/schema.org\",\"@graph\":[{\"@type\":\"Organization\",\"@id\":\"https:\/\/poweratberth.eu\/#organization\",\"name\":\"Ops Master Plan Spanish Ports\",\"url\":\"https:\/\/poweratberth.eu\/\",\"sameAs\":[],\"logo\":{\"@type\":\"ImageObject\",\"inLanguage\":\"en-US\",\"@id\":\"https:\/\/poweratberth.eu\/#\/schema\/logo\/image\/\",\"url\":\"http:\/\/poweratberth.eu\/wp-content\/uploads\/2017\/02\/logo2017-02-16.jpg\",\"contentUrl\":\"http:\/\/poweratberth.eu\/wp-content\/uploads\/2017\/02\/logo2017-02-16.jpg\",\"width\":512,\"height\":387,\"caption\":\"Ops Master Plan Spanish Ports\"},\"image\":{\"@id\":\"https:\/\/poweratberth.eu\/#\/schema\/logo\/image\/\"}},{\"@type\":\"WebSite\",\"@id\":\"https:\/\/poweratberth.eu\/#website\",\"url\":\"https:\/\/poweratberth.eu\/\",\"name\":\"Power@berth\",\"description\":\"Ops Spanish Ports\",\"publisher\":{\"@id\":\"https:\/\/poweratberth.eu\/#organization\"},\"potentialAction\":[{\"@type\":\"SearchAction\",\"target\":{\"@type\":\"EntryPoint\",\"urlTemplate\":\"https:\/\/poweratberth.eu\/?s={search_term_string}\"},\"query-input\":\"required name=search_term_string\"}],\"inLanguage\":\"en-US\"},{\"@type\":\"WebPage\",\"@id\":\"https:\/\/poweratberth.eu\/?page_id=1460&lang=en#webpage\",\"url\":\"https:\/\/poweratberth.eu\/?page_id=1460&lang=en\",\"name\":\"Information on air quality in port cities - Power@berth\",\"isPartOf\":{\"@id\":\"https:\/\/poweratberth.eu\/#website\"},\"datePublished\":\"2017-06-16T10:01:04+00:00\",\"dateModified\":\"2017-07-14T11:06:25+00:00\",\"breadcrumb\":{\"@id\":\"https:\/\/poweratberth.eu\/?page_id=1460&lang=en#breadcrumb\"},\"inLanguage\":\"en-US\",\"potentialAction\":[{\"@type\":\"ReadAction\",\"target\":[\"https:\/\/poweratberth.eu\/?page_id=1460&lang=en\"]}]},{\"@type\":\"BreadcrumbList\",\"@id\":\"https:\/\/poweratberth.eu\/?page_id=1460&lang=en#breadcrumb\",\"itemListElement\":[{\"@type\":\"ListItem\",\"position\":1,\"name\":\"Home\",\"item\":\"http:\/\/poweratberth.eu\/?lang=en\"},{\"@type\":\"ListItem\",\"position\":2,\"name\":\"Information on air quality in port cities\"}]}]}<\/script>\n<!-- \/ Yoast SEO plugin. -->","yoast_head_json":{"title":"Information on air quality in port cities - Power@berth","robots":{"index":"index","follow":"follow","max-snippet":"max-snippet:-1","max-image-preview":"max-image-preview:large","max-video-preview":"max-video-preview:-1"},"canonical":"https:\/\/poweratberth.eu\/?page_id=1460&lang=en","og_locale":"en_US","og_type":"article","og_title":"Information on air quality in port cities - Power@berth","og_description":"&nbsp; CO2 emission factors and equivalence ratios to primary energy of different final energy sources consumed in spanish buildings &#8211; Joint resolution of the Ministry of Industry, Energy and Tourism and the Ministry of Development_ES Plans to improve air quality: national, regional a local level (MAPAMA)_ES Reports, documents and studies\u2026 Continue reading","og_url":"https:\/\/poweratberth.eu\/?page_id=1460&lang=en","og_site_name":"Power@berth","article_modified_time":"2017-07-14T11:06:25+00:00","author":"demo","twitter_card":"summary_large_image","twitter_misc":{"Est. reading time":"1 minute"},"schema":{"@context":"https:\/\/schema.org","@graph":[{"@type":"Organization","@id":"https:\/\/poweratberth.eu\/#organization","name":"Ops Master Plan Spanish Ports","url":"https:\/\/poweratberth.eu\/","sameAs":[],"logo":{"@type":"ImageObject","inLanguage":"en-US","@id":"https:\/\/poweratberth.eu\/#\/schema\/logo\/image\/","url":"http:\/\/poweratberth.eu\/wp-content\/uploads\/2017\/02\/logo2017-02-16.jpg","contentUrl":"http:\/\/poweratberth.eu\/wp-content\/uploads\/2017\/02\/logo2017-02-16.jpg","width":512,"height":387,"caption":"Ops Master Plan Spanish Ports"},"image":{"@id":"https:\/\/poweratberth.eu\/#\/schema\/logo\/image\/"}},{"@type":"WebSite","@id":"https:\/\/poweratberth.eu\/#website","url":"https:\/\/poweratberth.eu\/","name":"Power@berth","description":"Ops Spanish Ports","publisher":{"@id":"https:\/\/poweratberth.eu\/#organization"},"potentialAction":[{"@type":"SearchAction","target":{"@type":"EntryPoint","urlTemplate":"https:\/\/poweratberth.eu\/?s={search_term_string}"},"query-input":"required name=search_term_string"}],"inLanguage":"en-US"},{"@type":"WebPage","@id":"https:\/\/poweratberth.eu\/?page_id=1460&lang=en#webpage","url":"https:\/\/poweratberth.eu\/?page_id=1460&lang=en","name":"Information on air quality in port cities - Power@berth","isPartOf":{"@id":"https:\/\/poweratberth.eu\/#website"},"datePublished":"2017-06-16T10:01:04+00:00","dateModified":"2017-07-14T11:06:25+00:00","breadcrumb":{"@id":"https:\/\/poweratberth.eu\/?page_id=1460&lang=en#breadcrumb"},"inLanguage":"en-US","potentialAction":[{"@type":"ReadAction","target":["https:\/\/poweratberth.eu\/?page_id=1460&lang=en"]}]},{"@type":"BreadcrumbList","@id":"https:\/\/poweratberth.eu\/?page_id=1460&lang=en#breadcrumb","itemListElement":[{"@type":"ListItem","position":1,"name":"Home","item":"http:\/\/poweratberth.eu\/?lang=en"},{"@type":"ListItem","position":2,"name":"Information on air quality in port cities"}]}]}},"_links":{"self":[{"href":"https:\/\/poweratberth.eu\/index.php?rest_route=\/wp\/v2\/pages\/1460"}],"collection":[{"href":"https:\/\/poweratberth.eu\/index.php?rest_route=\/wp\/v2\/pages"}],"about":[{"href":"https:\/\/poweratberth.eu\/index.php?rest_route=\/wp\/v2\/types\/page"}],"author":[{"embeddable":true,"href":"https:\/\/poweratberth.eu\/index.php?rest_route=\/wp\/v2\/users\/7"}],"replies":[{"embeddable":true,"href":"https:\/\/poweratberth.eu\/index.php?rest_route=%2Fwp%2Fv2%2Fcomments&post=1460"}],"version-history":[{"count":9,"href":"https:\/\/poweratberth.eu\/index.php?rest_route=\/wp\/v2\/pages\/1460\/revisions"}],"predecessor-version":[{"id":1705,"href":"https:\/\/poweratberth.eu\/index.php?rest_route=\/wp\/v2\/pages\/1460\/revisions\/1705"}],"wp:attachment":[{"href":"https:\/\/poweratberth.eu\/index.php?rest_route=%2Fwp%2Fv2%2Fmedia&parent=1460"}],"curies":[{"name":"wp","href":"https:\/\/api.w.org\/{rel}","templated":true}]}}